ppose -643 = -7*w - d. What is the tens digit of w?
7
Suppose 8 = -2*b, 0 = -44*n + 41*n + b + 1261. What is the tens digit of n?
1
Let d be (-2 - (-2786)/35)/(2/(-35)). Let p = 1979 + d. What is the tens digit of p?
2
Let i(t) = -3*t**3 + 26*t**2 - 16*t + 35. Let n be i(9). Let b = 517 - n. What is the units digit of b?
7
Suppose -3*v - 2*a - a + 1365 = 0, v - 5*a = 485. Suppose -4*b + v = 4*s, -10 = b + 4*s - 113. What is the hundreds digit of b/(2 + -1)*1?
1
Let k = -152 - 1056. Let q = -574 - k. What is the units digit of q?
4
Let g(d) = 3*d + 9. Suppose -2*f + 2*o + 4 = 0, -4*f - 6 + 14 = o. Let c be (8 + (2 - 8))/(f/20). What is the units digit of g(c)?
9
Suppose 58081 = 5*h - u, 41050 + 5434 = 4*h - 4*u. What is the ten thousands digit of h?
1
Let s(p) be the first derivative of -p**3/3 - 17*p**2/2 - 14*p - 5. Suppose -5*y + i = 46, 3*y + 26 = 6*i - 5*i. What is the tens digit of s(y)?
5
Suppose -9410 - 2492 = 11*k. Let q = -225 - k. What is the hundreds digit of q?
8
Suppose -4*y + 37036 = 4*v, 3*y = -v + 13452 + 14323. What is the tens digit of y?
5
Let y(f) = 95*f + 1389. What is the units digit of y(17)?
4
Let z be (-17 + 4 + -1)/((-4)/(-26)). Let m = z - -189. Suppose 0*q + m = 2*q. What is the tens digit of q?
4
Suppose 2*s + 32798 = 5*r, -3*r + 2*s + 50 = -19624. What is the hundreds digit of r?
5
Let x = 557 - -515. What is the tens digit of x?
7
Suppose 8*a + 3*u - 3782 = 4*a, -4*a + 3770 = -3*u. Let c be 0/2 + (-7)/(-1). Suppose c*j - 365 = a. What is the units digit of j?
7
Let j(s) = 3*s**2 - 5*s. Let i(p) = p**2 - 6*p + 1. Let b be i(5). Let d be j(b). Suppose -5*x = -3*x - d. What is the tens digit of x?
3
Let j(q) = 600*q + 227. What is the ten thousands digit of j(20)?
1
Suppose 5*q - 5076 = -3*p, q + 269 = p + 1281. What is the units digit of q?
4
Let z = 36543 - 21632. What is the hundreds digit of z?
9
Suppose -5*q = 4*m + 4167, -5*m - 4*q - 8642 + 3431 = 0. Let b = 1583 + m. Suppose 60 = -5*i + b. What is the tens digit of i?
9
Suppose 0 = 3*x - 5*x - 20. What is the tens digit of (-196 + x)/(1/(-2))?
1
Let t = 75 - 215. Let v be -1*((-1108)/(-1))/(-4). Let j = t + v. What is the units digit of j?
7
Let t(m) = 4*m**2 + 5*m + 488. What is the thousands digit of t(27)?
3
Suppose 2*r - 7*r - 182 = x, 154 = -4*r - 5*x. What is the units digit of r/27*4311/(-12)?
9
Let r(p) be the third derivative of 5*p**4/24 + 5*p**3 - 37*p**2. Let l be r(-5). Suppose -3*z = l*h - 2*h - 183, -h = 5. What is the units digit of z?
6
Let j(q) = -q**2 + 5*q + 25. Let b be j(8). Let l be 5*b - 9/12*4. What is the units digit of l/(-10) - 8816/(-80)?
0
Let c(d) = 13 + 40*d - 64*d - d**3 + 33*d - d**2. What is the units digit of c(-7)?
4
Let v(f) be the third derivative of 11*f**4/24 - 16*f**3 + 75*f**2 + f. What is the tens digit of v(11)?
2
Let n(k) = -k**3 + 10*k**2 + 28*k - 33. Let b be n(12). Suppose p = b*p - 3430. What is the units digit of p?
5
Let o(q) = -395*q - 9899. What is the thousands digit of o(-103)?
0
Let c = 31 - 87. Let f be 21/c - 214/(-16). Let g(j) = -j**2 + 17*j + 14. What is the tens digit of g(f)?
6
Suppose -1 = 25*u - 76. Suppose 272 = 3*o - 10*h + 12*h, -3*o = u*h - 267. What is the units digit of o?
4
Suppose -135*c = -8492150 + 765792 + 480638. What is the thousands digit of c?
3
Let b = -6648 + 12925. What is the units digit of b?
7
Let q(v) = -4*v**3 - 32*v**2 - 18*v - 33. What is the hundreds digit of q(-12)?
4
Suppose -14*r + 12*r = -s - 85758, -r = -5*s - 42888. Suppose 0 = 36*p - r + 3962. What is the tens digit of p?
8
Let i be 3 + 0*(-5)/10. Suppose 5*b = -25, -i*q + 3 = 4*b - b. Suppose q*w = 5*w + 43. What is the units digit of w?
3
Let v(k) = -9*k + 74. Let u be v(6). Let q(s) = 3*s - 13. Let n be q(u). Suppose 0 = -4*h + 85 + n. What is the tens digit of h?
3
Suppose -117*q + 311*q = 2929012. What is the units digit of q?
8
Suppose 6*w - 20 = 10. Suppose 1095 = w*j + 4*t, j = 3*t + 189 + 49. Suppose -5*h = -j - 157. What is the units digit of h?
6
Let s(n) = -121*n**3 - 11*n**2 - 113*n + 191. What is the thousands digit of s(-7)?
1
Let c be (-3)/(-7) + (-10)/(-35)*-26. Let i be 10/35 + 485/c. Let t = i + 101. What is the units digit of t?
2
Suppose r = 6, 4*s - 2*s - 4*r = 21074. What is the thousands digit of s?
0
Let j(q) be the first derivative of q**2 + q + 181/3*q**3 + 20. What is the tens digit of j(-1)?
8
Let s(w) = 2425*w + 571. What is the units digit of s(4)?
1
Suppose n - a + 21 = 4*a, -5*a + 20 = 0. Let s be 3/((-1 - -4)*n/(-2)). Suppose 2*m + 3*m + s*w = 296, 5*w + 10 = 0. What is the units digit of m?
0
Suppose 9501 = 2*p - 3*i, -2*p + 52*i = 48*i - 9506. What is the hundreds digit of p?
7
Suppose 0 = 158*n - 725335 - 470409. What is the thousands digit of n?
7
Suppose -2*n = -4*a + 62, 2*a = 3*n + 18 + 19. Let t(b) = b**3 - 13*b**2 + 62*b + 5. What is the thousands digit of t(a)?
1
Suppose 3*t - 4140 = 15*t. Let l = t + 719. What is the tens digit of l?
7
Suppose -t + 13104 - 1316 = -5*g, -4*t = 4*g - 47080. What is the ten thousands digit of t?
1
Let o(i) = i**2 + 3*i - 6. Let z be o(-6). Let x be ((-16)/z - -2)*3. Suppose u = -2*q + 214, -2*q - u - x*u + 222 = 0. What is the units digit of q?
5
Let u be -4 + (28/(-70))/(3/(-45)). Let f(i) = 2 - 5 + 11*i + 2. What is the tens digit of f(u)?
2
Let q = 31440 - 18913. What is the ten thousands digit of q?
1
Suppose 4551 = 11*d - 2280. Let t = d + -504. What is the units digit of t?
7
Let t(v) = -v**3 + 2*v**2 + 9*v + 6. Suppose 7*x = 4*x - 5*o + 13, 5 = -5*x - 3*o. Let b be t(x). Let y = 90 - b. What is the units digit of y?
4
Let r = -2289 + 11434. What is the units digit of r?
5
Suppose 35 = -13*w + 9. What is the hundreds digit of ((1552/(-64))/(w/48))/2?
2
Let r = 5784 - -15607. What is the hundreds digit of r?
3
Let i be (-1)/3*(2 + 3 - 14). Suppose -5*d = i*b - 72, -4*d + 5*b = -d - 16. What is the units digit of d?
2
Let w = -1063 - -1068. Suppose -3*u + 23 = -7. What is the units digit of 868/12 + (u/3)/w?
3
Let j = 58725 - 24204. What is the units digit of j?
1
Suppose 4*p = 10 + 10. Suppose -1 = -p*c - 11. What is the units digit of -2 + c + 93 + -3?
6
Suppose 0 = 7*z - 231 - 413. Suppose 2*y + 273 = 3*w, -2*w - 3*y + 90 + z = 0. What is the tens digit of w?
9
Let l be (-4)/18 + (-23442)/(-27)*1. Let d = l + -449. What is the tens digit of d?
1
Suppose -4*s - 8008 = 6*j - 11*j, 4*s - 4792 = -3*j. Suppose 5*p = 3*g + 2571, g + 967 + j = 5*p. What is the tens digit of p?
1
Suppose -4*y - 8 = -2*p, 4*p - 4 = -y + 6*y. Let a(j) = -34 + 72 - 16*j - 37 - 18*j. What is the hundreds digit of a(y)?
1
Suppose 5*j - 1028 = 1362. What is the tens digit of j?
7
Suppose l = 13 - 4. Suppose -61 = l*b + 20. Let s = b - -19. What is the tens digit of s?
1
Suppose 488400 + 302072 = 228*f + 187868. What is the tens digit of f?
4
Suppose -2*j = 6*k - 5*k - 3975, 2*k - 4*j - 7950 = 0. What is the units digit of k?
5
Let v(f) = 140*f + 2 + 47*f + 118*f + 27*f + 7. What is the hundreds digit of v(3)?
0
Let o(d) be the second derivative of -2*d**6/45 + d**5/40 + 13*d**4/12 + 8*d. Let g(c) be the third derivative of o(c). What is the units digit of g(-3)?
9
Let g = 136693 + -75187. What is the ten thousands digit of g?
6
Let i = 200 + -152. Let f = 39 + i. What is the units digit of f?
7
Let h(o) be the first derivative of 11*o**3/3 - 4*o**2 - 190*o + 93. What is the hundreds digit of h(-9)?
7
Let w(t) = -15*t + 67. Let l = 125 + -120. Let y be w(l). What is the units digit of 36/10*(y - -73)?
4
Suppose 6 + 2 = -f - 4*k, 0 = -3*f + 4*k + 8. Let c be 210/(-28)*6/(-9). Suppose -c*i + 0*i + 385 = f. What is the tens digit of i?
7
Let g(u) = -2*u**2 - 4*u + 99. Let b(n) = n**2 + 2*n - 49. Let f(t) = 7*b(t) + 3*g(t). Let o be f(-14). Suppose -2*x + 566 - o = 0. What is the tens digit of x?
2
Let b be ((-38)/5)/((-8)/20). Let p(t) = t**3 - 17*t**2 - 22*t - 77. What is the tens digit of p(b)?
2
Let z(x) = 0*x + 2*x - 3 - 4*x + 5*x. Let m be z(3). Suppose -394 - 146 = -m*b. What is the tens digit of b?
9
Let k = -1509 - -4353. What is the thousands digit of k?
2
Suppose 2*k + 16498 = 2*y, -y - 264*k + 8231 = -262*k. What is the units digit of y?
3
Let h(v) = -4183*v - 6948. What is the thousands digit of h(-5)?
3
Suppose -4*f + 3*v + 87 = -2*f, -3*f + v + 1